YEARLY CLIMATOLOGICAL SUMMARY for Nov 2022

NAME: GranitevilleSC   CITY: Graniteville STATE: South Carolina
ELEV: 299 LAT: 033:34:32 LONG: 0081:47:23

                            TEMPERATURE ( F), RAIN (in.), WIND SPEED (mph)

                                                 HEAT     COOL           AVG
      MEAN                                       DEG      DEG            WIND                        DOM
MTH   TEMP    HIGH   TIME      LOW     TIME      DAYS     DAYS   RAIN    SPEED    HIGH    TIME       DIR
--------------------------------------------------------------------------------------------------------
01    42.5   078.4   15:51    16.4   07:42    0682.0    0009.0   03.14    01.3     23.0    13:43     WSW
02    51.3   084.3   15:48    24.0   07:21    0374.9    0006.5   02.35    01.5     19.0    15:29     WSW
03    57.6   083.8   15:22    19.6   07:47    0251.2    0013.6   03.27    01.9     32.0    16:47     WSW
04    59.8   084.0   16:07    28.7   07:13    0116.6    0018.8   00.18    01.9     23.0    12:53     WSW
05
06    79.7   104.0   17:24    52.8   06:31    0000.0    0181.2   01.80    01.3     20.0    23:55     WSW
07    80.5   099.1   16:29    67.4   06:54    0000.0    0448.5   09.06    01.3     30.0    15:47     WSW
08    77.9   096.7   16:50    59.7   07:18    0000.0    0217.9   04.03    01.1     23.0    11:48     WSW
09    70.7   095.1   14:33    52.5   08:03    0009.5    0179.3   04.25    00.6     18.0    23:56     WSW
10    61.8   084.7   14:11    31.6   07:35    0123.6    0024.2   01.46    00.6     11.0    06:05     WSW
11    57.1   081.2   13:59    28.2   06:52    0263.0    0025.9   04.53    00.7     17.0    23:57     WSW
--------------------------------------------------------------------------------------------------------
      62.3    104.0            16.4            1820.8     1124.8   38.60     1.2     32.0              WSW

Max >=  90.0: 59
Max <=  32.0: 0
Min <=  32.0: 253
Min <=   0.0: 0
Max >=  90.0: 59
Max <=  32.0: 0
Min <=  32.0: 253
Min <=   0.0: 0
Max <= 23.0: 0
Min <=  23.0: 5
Max <=  14.0: 0
Min <=  14.0: 0
Max <=   5.0: 0
Min <=   0.0: 0
Max <=  -4.0: 0
Min <=  -4.0: 0
Max <= -13.0: 0
Min <= -13.0: 0
Max Rain: 1.01 ON 30-01-22
Days of Rain: 76 (> .008in) 50 (> .08in) 18 (> 0.8in)
Days of Rain: 11 (> .008in) 7 (> .08in) 2 (> 0.8in)