MONTHLY CLIMATOLOGICAL SUMMARY for SEP. 2021

NAME: GranitevilleSC   CITY: Graniteville STATE: South Carolina
ELEV: 299 LAT: 033:34:32 LONG: 0081:47:23

                            TEMPERATURE ( F), RAIN (in.), WIND SPEED (mph)

                                               HEAT     COOL           AVG
      MEAN                                     DEG      DEG            WIND                       DOM
DAY   TEMP    HIGH   TIME     LOW    TIME      DAYS     DAYS    RAIN   SPEED    HIGH    TIME      DIR
--------------------------------------------------------------------------------------------------------
01    78.3   082.8   18:30    73.1   00:00     00.0     13.4   00.00   00.3     14.0    00:28      NW
02    76.7   087.6   16:01    66.8   00:00     00.0     11.7   00.00   00.0     09.0    10:40     NNE
03    70.3   083.7   18:13    56.4   07:45     00.0     05.3   00.00   00.1     09.0    11:56     NNE
04    68.4   087.6   16:43    51.7   07:15     00.0     03.4   00.00   00.0     04.0    14:03      NE
05    71.0   088.9   16:59    54.8   07:11     00.0     06.0   00.00   00.0     06.0    17:40      N 
06    74.4   091.2   14:26    58.3   03:51     00.0     09.5   00.00   00.0     11.0    12:44      NW
07    76.6   088.5   13:20    70.1   06:45     00.0     11.6   00.01   00.0     05.0    08:59      S 
08    74.7   088.6   13:10    70.5   07:22     00.0     09.8   00.78   00.1     06.0    12:53      W 
09    75.1   086.9   15:20    65.6   23:58     00.0     10.2   00.01   00.1     08.0    14:24     NNW
10    70.3   085.4   16:43    56.7   07:37     00.0     05.4   00.00   00.0     07.0    12:55      NE
11    69.5   085.7   17:17    53.7   07:04     00.0     04.5   00.00   00.0     03.0    13:01     ESE
12    70.8   087.8   15:38    54.9   07:17     00.0     05.8   00.00   00.0     06.0    17:04      W 
13    72.2   089.7   17:29    56.4   07:19     00.0     07.2   00.00   00.0     05.0    16:17     WSW
14    74.8   090.1   16:16    58.5   07:07     00.0     09.9   00.00   00.0     04.0    13:29     SSE
15    72.3   087.7   14:57    62.4   05:52     00.0     07.4   01.22   00.0     14.0    16:43      NE
16    71.3   075.0   16:45    68.6   00:00     00.0     06.4   06.22   00.0     03.0    10:33      N 
17    75.0   084.5   14:07    68.4   01:41     00.0     10.0   00.00   00.0     03.0    17:15     NNW
18    76.5   088.3   15:36    68.8   02:36     00.0     11.6   00.34   00.4     07.0    15:54     NNE
19    76.5   085.4   16:02    69.0   06:25     00.0     11.6   00.00   00.2     07.0    14:37      NE
20    74.4   080.4   12:33    71.3   02:40     00.0     09.5   00.22   01.0     11.0    11:03      NE
21    75.9   084.6   17:23    71.5   00:20     00.0     11.0   00.75   00.5     07.0    12:04      E 
22    76.4   087.1   14:44    63.6   00:00     00.0     11.4   00.09   01.1     14.0    17:52      NW
--------------------------------------------------------------------------------------------------------
73.7 (74.7)   91.2  day 06     51.7  day 04   000.0    192.6   09.64   00.2     14.0   day 22      N 
Max >=  86: 13
Min <=  86: 22
Max Rain: 6.22 ON 16-09-21
Days of Rain: 9 (> .008in) 7 (> .08in) 2 (> 0.8in)