MONTHLY CLIMATOLOGICAL SUMMARY for JUN. 2021

NAME: GranitevilleSC   CITY: Graniteville STATE: South Carolina
ELEV: 299 LAT: 033:34:32 LONG: 0081:47:23

                            TEMPERATURE ( F), RAIN (in.), WIND SPEED (mph)

                                               HEAT     COOL           AVG
      MEAN                                     DEG      DEG            WIND                       DOM
DAY   TEMP    HIGH   TIME     LOW    TIME      DAYS     DAYS    RAIN   SPEED    HIGH    TIME      DIR
--------------------------------------------------------------------------------------------------------
01    68.9   084.8   15:24    49.7   07:03     00.0     04.0   00.00   00.0     03.0    16:56      N 
02    72.3   086.9   16:39    58.2   05:43     00.0     07.3   00.00   00.0     05.0    16:40      NW
03    77.5   086.4   14:42    68.4   05:19     00.0     12.6   00.00   00.0     09.0    15:01     WSW
04    78.6   090.4   17:29    66.7   06:34     00.0     13.7   00.00   00.1     06.0    13:04     WNW
05    76.7   090.4   13:38    70.4   03:00     00.0     11.8   00.60   00.0     09.0    14:49     NNW
06    77.7   092.4   16:28    70.6   03:32     00.0     12.7   00.43   00.0     07.0    12:35      SW
07    76.0   086.5   12:44    72.2   21:52     00.0     11.1   03.57   00.3     09.0    16:23      NE
08    75.3   083.3   12:57    71.5   04:50     00.0     10.4   00.13   00.2     10.0    13:30     SSW
09    79.0   091.1   17:05    68.5   06:13     00.0     14.0   00.00   00.4     09.0    13:56      W 
10    82.8   092.2   17:01    70.5   05:00     00.0     17.8   00.00   00.1     09.0    13:41     SSW
11    82.1   089.2   05:39    68.5   06:21     00.0     17.1   00.07   00.0     10.0    12:08     WNW
12    75.7   085.3   12:37    72.3   02:07     00.0     10.7   00.49   00.0     05.0    14:23      N 
13    74.8   083.9   19:02    69.7   00:00     00.0     09.9   00.06   00.3     07.0    12:17      N 
14    77.4   090.6   18:12    64.0   07:01     00.0     12.4   00.00   00.1     06.0    13:17      N 
15    80.5   092.6   17:22    69.8   07:17     00.0     15.5   00.00   00.0     07.0    13:32      N 
16    75.2   086.4   16:47    63.6   06:42     00.0     10.2   00.00   00.0     09.0    12:48      N 
17    73.7   088.9   16:57    59.2   06:13     00.0     08.8   00.00   00.0     05.0    12:32      N 
18    79.2   093.4   17:14    61.3   06:27     00.0     14.3   00.00   00.1     05.0    12:50     WNW
19    76.1   083.8   13:45    68.4   06:48     00.0     11.2   00.53   00.1     12.0    13:59      NW
--------------------------------------------------------------------------------------------------------
76.8 (77.4)   93.4  day 18     49.7  day 01   000.0    225.6   05.99   00.1     12.0   day 13     NNW
Max >=  86: 14
Min <=  86: 19
Max Rain: 3.57 ON 7-06-21
Days of Rain: 8 (> .008in) 6 (> .08in) 1 (> 0.8in)