MONTHLY CLIMATOLOGICAL SUMMARY for FEB. 2024

NAME: Graniteville3.9 ENE   CITY: Graniteville STATE: South Carolina
ELEV: 490 LAT: 033:34:32 LONG: 0081:47:23

                            TEMPERATURE ( F), RAIN (in.), WIND SPEED (mph)

                                               HEAT     COOL           AVG
      MEAN                                     DEG      DEG            WIND                       DOM
DAY   TEMP    HIGH   TIME     LOW    TIME      DAYS     DAYS    RAIN   SPEED    HIGH    TIME      DIR
--------------------------------------------------------------------------------------------------------
01    45.7   060.6   14:09    32.7   07:17     19.2     00.0   00.00   00.5     08.0    15:32     SSE
02    51.3   069.5   14:22    37.9   08:12     13.7     00.0   00.00   00.5     09.0    23:51      SW
03    49.9   059.7   14:01    42.5   07:44     15.1     00.0   00.00   01.5     14.0    10:19     ENE
04    44.3   050.9   15:10    37.6   07:47     20.6     00.0   00.17   02.1     16.0    15:56     ENE
05    45.5   055.6   16:53    40.8   09:26     19.4     00.0   00.36   01.4     15.0    08:48      NE
06    45.2   057.0   14:23    36.9   07:37     19.8     00.0   00.00   01.4     15.0    13:22     NNE
07    42.5   055.8   14:52    32.1   07:38     22.4     00.0   00.00   00.9     10.0    08:38      NE
08    46.5   059.2   13:06    32.9   07:35     18.5     00.0   00.00   00.6     07.0    13:12     ESE
09    52.9   062.9   12:57    44.6   06:04     12.0     00.0   00.00   00.3     06.0    12:07      S 
10    60.5   071.5   11:52    51.4   07:15     04.5     00.0   00.00   00.5     07.0    14:19      S 
11    61.9   064.0   13:21    58.8   03:34     03.1     00.0   00.33   01.1     11.0    13:07      S 
12    58.7   062.3   00:01    56.8   16:29     06.2     00.0   01.89   01.4     16.0    16:23     SSE
13    51.4   059.8   00:01    42.0   22:59     13.5     00.0   00.00   02.3     18.0    05:01      W 
14    52.8   064.6   13:50    35.8   07:25     12.1     00.0   00.00   00.6     06.0    10:39     WSW
15    53.9   069.1   14:04    41.4   07:42     11.0     00.0   00.00   00.6     12.0    17:01     SSW
16    46.6   051.3   00:16    46.0   00:00     18.3     00.0   00.00   00.5     05.0    14:26      SW
17    51.8   058.3   11:39    43.6   00:00     13.2     00.0   00.00   01.1     10.0    15:59     WNW
18    41.9   049.2   15:34    35.5   07:20     23.0     00.0   00.00   00.6     08.0    08:45     ENE
19    42.8   056.0   15:53    33.1   04:50     22.2     00.0   00.00   00.6     11.0    10:35      SE
20    45.8   061.6   13:46    31.2   05:44     19.1     00.0   00.00   00.7     09.0    12:05     ENE
21    48.3   061.6   14:37    36.1   07:39     16.6     00.0   00.00   00.7     08.0    09:44      E 
22    54.7   068.7   14:12    41.0   07:20     10.2     00.0   00.00   01.2     11.0    09:47      S 
23    60.6   070.7   13:33    49.7   00:00     04.4     00.0   00.02   02.0     17.0    13:45     WSW
--------------------------------------------------------------------------------------------------------
50.2 (50.9)   71.5  day 10     31.2  day 20   338.2    000.0   02.78   01.0     18.0   day 13     SSE
Min <=  86: 23
Max Rain: 1.89 ON 12-02-24
Days of Rain: 5 (> .008in) 4 (> .08in) 1 (> 0.8in)