MONTHLY CLIMATOLOGICAL SUMMARY for JAN. 2022

NAME: GranitevilleSC   CITY: Graniteville STATE: South Carolina
ELEV: 299 LAT: 033:34:32 LONG: 0081:47:23

                            TEMPERATURE ( F), RAIN (in.), WIND SPEED (mph)

                                               HEAT     COOL           AVG
      MEAN                                     DEG      DEG            WIND                       DOM
DAY   TEMP    HIGH   TIME     LOW    TIME      DAYS     DAYS    RAIN   SPEED    HIGH    TIME      DIR
--------------------------------------------------------------------------------------------------------
01    72.7   078.4   10:27    60.4   00:00     00.0     07.7   00.00   01.6     20.0    21:50     SSW
02    64.5   071.8   04:21    38.9   00:00     00.4     00.0   00.30   01.7     19.0    22:29      NE
03    42.6   054.5   00:01    28.9   00:00     22.3     00.0   00.00   02.7     23.0    03:44      SE
04    40.3   059.2   22:54    27.3   03:10     24.7     00.0   00.00   00.8     11.0    08:44      SE
05    45.3   062.1   00:00    29.6   15:02     19.6     00.0   00.00   00.9     10.0    12:37     SSW
06    49.5   062.1   11:43    29.6   03:05     15.5     00.0   00.00   01.7     20.0    20:34     WNW
07    38.2   050.3   12:07    28.1   22:20     26.7     00.0   00.00   01.3     10.0    10:19     WSW
08    41.0   063.1   23:50    30.3   04:33     23.9     00.0   00.00   01.2     10.0    06:35     ESE
09    56.4   070.2   13:24    39.6   04:47     08.5     00.0   00.01   00.7     16.0    17:09      NW
10    43.4   056.1   00:02    24.1   20:06     21.6     00.0   00.00   01.1     12.0    07:03      S 
11    34.0   051.4   00:00    21.6   19:15     30.9     00.0   00.00   00.7     11.0    07:46     SSE
12    36.4   054.1   13:01    21.6   03:31     28.5     00.0   00.00   00.6     08.0    10:47      S 
13    43.3   059.2   13:07    26.1   04:50     21.6     00.0   00.00   00.7     10.0    09:35     WSW
14    42.7   058.0   12:31    31.0   05:06     22.2     00.0   00.00   00.6     10.0    09:20     SSW
15    42.1   049.3   12:22    33.1   01:14     22.9     00.0   00.11   01.5     12.0    23:00      E 
16    37.5   044.2   07:09    33.9   03:57     27.4     00.0   00.00   02.7     17.0    09:27     WNW
17    38.9   045.7   04:57    24.4   22:34     26.0     00.0   00.00   04.7     23.0    10:02      W 
18    36.6   053.0   14:36    24.4   04:33     28.4     00.0   00.00   00.6     09.0    08:18     SSW
19    42.8   061.0   07:42    26.6   03:12     22.1     00.0   00.00   00.7     09.0    11:58     SSW
20    47.3   052.7   12:56    38.0   00:00     17.6     00.0   00.00   00.6     10.0    23:57     NNE
21    34.9   041.4   00:01    29.9   00:00     30.1     00.0   00.00   01.9     13.0    06:56      NE
22    32.3   043.4   10:04    21.2   00:00     32.6     00.0   00.00   00.9     09.0    13:08      SE
23    34.8   055.1   14:14    19.4   06:26     30.1     00.0   00.00   00.9     13.0    13:55     SSW
24    41.4   058.5   13:02    26.2   06:24     23.6     00.0   00.00   00.9     10.0    12:50      SW
--------------------------------------------------------------------------------------------------------
43.3 (43.1)   78.4  day 01     19.4  day 23   527.4    007.7   03.17   01.3     23.0   day 17     SSW
Min <=  86: 24
Min <=  23: 4
Max Rain: 0.30 ON 2-01-22
Days of Rain: 3 (> .008in) 2 (> .08in) 0 (> 0.8in)